{"id":4919,"date":"2025-03-14T15:08:47","date_gmt":"2025-03-14T14:08:47","guid":{"rendered":"https:\/\/www.diebutter.ch\/?post_type=rezepte&#038;p=4919"},"modified":"2025-11-05T14:25:42","modified_gmt":"2025-11-05T13:25:42","slug":"emince-de-veau-a-la-zurichoise","status":"publish","type":"rezepte","link":"https:\/\/www.diebutter.ch\/fr\/rezepte\/zuercher-geschnetzeltes\/","title":{"rendered":"\u00c9minc\u00e9 de veau \u00e0 la zurichoise"},"featured_media":4920,"parent":0,"menu_order":0,"template":"","rezeptkategorie":[29],"class_list":["post-4919","rezepte","type-rezepte","status-publish","has-post-thumbnail","hentry","rezeptkategorie-winter"],"_links":{"self":[{"href":"https:\/\/www.diebutter.ch\/fr\/wp-json\/wp\/v2\/rezepte\/4919","targetHints":{"allow":["GET"]}}],"collection":[{"href":"https:\/\/www.diebutter.ch\/fr\/wp-json\/wp\/v2\/rezepte"}],"about":[{"href":"https:\/\/www.diebutter.ch\/fr\/wp-json\/wp\/v2\/types\/rezepte"}],"wp:featuredmedia":[{"embeddable":true,"href":"https:\/\/www.diebutter.ch\/fr\/wp-json\/wp\/v2\/media\/4920"}],"wp:attachment":[{"href":"https:\/\/www.diebutter.ch\/fr\/wp-json\/wp\/v2\/media?parent=4919"}],"wp:term":[{"taxonomy":"rezeptkategorie","embeddable":true,"href":"https:\/\/www.diebutter.ch\/fr\/wp-json\/wp\/v2\/rezeptkategorie?post=4919"}],"curies":[{"name":"wp","href":"https:\/\/api.w.org\/{rel}","templated":true}]}}

Émincé de veau à la zurichoise
